digit of f?
1
Suppose -1 = 2*l - 3. Suppose 4*w - 7 - l = 0. Let q = -1 + w. What is the units digit of q?
1
Let b(t) = 4*t**3 - 2*t - 1. Let p be b(2). Suppose p = -2*w - w. What is the units digit of 1 - 0/(w/(-3))?
1
Suppose 2*o - 3*o = 0. Suppose 32 - 6 = a - 4*p, o = -4*a + p + 119. Suppose c - a = -2*c. What is the units digit of c?
0
Let j = 28 + -9. What is the units digit of j?
9
Let b = -18 - -33. Suppose -3*i = b, -4*u = -u + i - 22. Suppose 0 = -3*h + u + 21. What is the tens digit of h?
1
Suppose 9 = -y - 0. Let g be 4/3 - 6/y. Suppose g*q - 2 = 4. What is the units digit of q?
3
Suppose -5*t - 3*q + 165 = -0*q, 4*t - q = 132. Suppose -5*m + 2 = 4*i - t, 27 = 3*i + 4*m. What is the units digit of i?
5
Suppose -z = 3*d + 7 + 9, -4*d = 3*z + 48. What is the units digit of 1/(-4) - 260/z?
6
Let p = -1 - 9. Let f be -2*3/(12/(-34)). Let q = f + p. What is the units digit of q?
7
Suppose -o = -2*o + 2. Suppose -u + o*u = 4*t + 29, 5*t = -25. What is the units digit of u?
9
Let o = 40 + -11. What is the units digit of o?
9
Suppose d = -d + 8. Suppose -24 = -d*l + 2*l. What is the tens digit of l?
1
Suppose -3*d + 56 = b, 5*d - 2*b = 2*d + 59. What is the units digit of d?
9
What is the hundreds digit of -1 + 7/21 - 326/(-3)?
1
Suppose r - 6*r = -4*s - 224, 0 = -3*s + 12. Suppose 4*u = -5*a + r, a - 6 = -2. Suppose u - 1 = 2*z. What is the units digit of z?
3
Let c(i) = 7*i - 4. What is the tens digit of c(6)?
3
Suppose -3*r + 122 = 3*p - 148, 5*r = 5*p + 480. What is the tens digit of r?
9
Let a = 3 - 1. Suppose -a*f + 0*j = 3*j - 74, 5*f - 2*j - 147 = 0. What is the tens digit of f?
3
Suppose 0*d - 5*d - 15 = 0. Let h(s) = 2*s - 3. Let l be h(3). What is the units digit of 3 + l/(d/(-1))?
4
Suppose 0 = -8*f - 0*f + 16. What is the units digit of f?
2
Let k(j) = -j**3 + 10*j**2 + 13*j - 8. Let z be k(11). Suppose 0 = 2*m + 2*u - z, -4*m - 6*u = -u - 32. What is the units digit of m?
3
Suppose -4*q = 10 + 6. What is the units digit of 2/q + (-18)/(-4)?
4
Suppose -7 = p + 18. Let u be (-1 + 0)/(2/88). Let c = p - u. What is the units digit of c?
9
Suppose 3*d - u = -4*u + 273, 2*u + 490 = 5*d. What is the tens digit of d?
9
Suppose -20 = -2*x + 3*b, 3*x - 4*b - 4 = 24. Suppose 2*p - x*v - 16 = 0, -p + 5*v = -3*p + 61. What is the tens digit of p?
1
Suppose -3*q = 3*y - 153, -3*q = -4 + 7. What is the tens digit of y?
5
Let u(d) be the second derivative of 5/2*d**2 - 1/12*d**4 + 7/6*d**3 + 2*d + 0. What is the units digit of u(7)?
5
Let v = 95 - 150. Let p = -35 - v. Suppose 0 = d + 3*d - p. What is the units digit of d?
5
Suppose 2*g - 3*r - 6 = -21, 4*r = 4*g + 24. Let z be (-9)/6*8/g. Suppose -z*j = j - 5. What is the units digit of j?
1
Let f = -7 + 3. What is the units digit of (f/((-8)/6))/1?
3
What is the units digit of -1 + (6 - 3) + 0?
2
Let y be (4/(-6))/(2/(-258)). Suppose -5*p = -3*v - y, 0*v - 2*v + 60 = 4*p. What is the tens digit of p?
1
Suppose -3*w - 16 = 23. What is the tens digit of (1*w)/1*-1?
1
Suppose 0 = -3*t - 0*t + 21. Let g(o) = -8 - 2 + 3*o - o. What is the units digit of g(t)?
4
Let u = 12 - -4. What is the tens digit of u?
1
Suppose 3*h + h + 12 = 0, -4*h - 120 = -4*l. What is the units digit of l?
7
Suppose 0*h + h - 4 = 0. Suppose -h*p + 68 = -0*p. What is the units digit of p?
7
Suppose -8 = -0*p - 2*p. What is the units digit of p?
4
Let l be 4 + (2 - 0 - 2). Suppose 2*u = l*u - 10. What is the units digit of (-1)/(-3)*(-2 + u)?
1
Suppose -2*s + 20 = 3*s. What is the units digit of (-6)/s - (-7)/2?
2
Let i = 6 + -3. Suppose -2*d = -i*s, s - 3*s - 3*d = -13. Suppose -h = h - s. What is the units digit of h?
1
What is the hundreds digit of 12/(-9)*(-1413)/6?
3
Let l = -82 - -178. Suppose 2*q = -3*v - 48, -5*q + q = 3*v + l. Let d = q - -38. What is the tens digit of d?
1
Suppose 0*m = m - 2. What is the units digit of m?
2
Let w(o) = o - 3. Let t be w(3). Let d = 1 + t. What is the units digit of d?
1
What is the tens digit of (-1 + 0)/(1/(-43))?
4
Suppose 0 = -3*b + 2 + 4, 0 = 5*g - b - 8. Suppose -3*q = 4*x - g*x - 11, q - 2 = x. What is the units digit of x?
1
Let u be (-8)/12 + (-2)/(-3). Let k = u + 5. What is the units digit of k?
5
Let n be ((-1 - -3) + -6)/(-2). Let r(m) = -m**2 + 6*m - 1. Let i be r(4). Suppose n*f - i = 7. What is the units digit of f?
7
Let l = -4 + 0. What is the units digit of (30/9)/(l/(-6))?
5
Suppose -2*z = b, z + 0*z = b + 3. Suppose 2*p - z = 9. Suppose 3*o = 2*o + 5*u + p, -4*o + 20 = -3*u. What is the units digit of o?
5
Let f(o) = o**3 + 8*o**2 + 10*o + 17. Let p be f(-7). What is the units digit of (p/(-4))/(3/144)?
8
Let l(v) = 8*v + 5. What is the tens digit of l(10)?
8
Suppose -4*x = x - 790. What is the units digit of x?
8
What is the units digit of ((-1836)/(-85))/(1/5)?
8
Let z = -103 - -157. What is the units digit of z?
4
Let z = -6 - -4. Let x = z - -16. What is the tens digit of x?
1
Let i be (1/2)/((-4)/(-120)). Suppose 28 = 2*l + 4*o, 2*l + 2*o - i = 9. What is the units digit of l?
0
Let w = 83 + -7. What is the units digit of w?
6
Let v be (-2)/(-3)*(-1 - -13). Let l = 0 - v. Let n = 0 - l. What is the units digit of n?
8
Suppose -5*q - 1087 = -4*m, m + q + 272 = 2*m. What is the hundreds digit of m?
2
Let w(s) = s + 1. Suppose 2*f - 4 = -2*f. Let b(p) = 9*p. Let h(m) = f*b(m) - 6*w(m). What is the units digit of h(4)?
6
Suppose -5*a + 659 = -201. What is the tens digit of a?
7
Let c = 497 - 193. What is the hundreds digit of c?
3
Suppose 0 = -4*p - 6*p + 90. What is the units digit of p?
9
Let p be (-145)/20 + (-2)/(-8). Let o(v) = v + 10. What is the units digit of o(p)?
3
Suppose l = v - 91, -39 - 52 = -v + 3*l. What is the tens digit of v?
9
What is the hundreds digit of 2/(-6) + (5 - (-346)/3)?
1
Let o(k) = -2*k**3 + 12*k**2 - 5*k - 8. What is the tens digit of o(5)?
1
Let z(k) = 4*k - 9. What is the tens digit of z(9)?
2
Let k be -3 + (4 - 2) - -4. Suppose -k*l = -47 + 8. What is the units digit of l?
3
Let v(d) = -d**3 + 2*d**2 - 2*d - 1. Let b be (-26)/(-8) + (-1)/4. Let r be v(b). Let s = -9 - r. What is the units digit of s?
7
Let w(m) = -37*m - 1. Let r = 4 - 5. Let a be w(r). Suppose 2*p - a = -p. What is the units digit of p?
2
Let c = -5 - -8. Let r(q) = 6*q - c + 1 - 3*q. What is the units digit of r(3)?
7
Suppose -2 + 20 = -2*y. What is the tens digit of (-2)/y - (-590)/18?
3
Let s = -1 + 5. Suppose -t = -s*t + 57. What is the tens digit of t?
1
Let s be ((-2)/4)/(1/12). Let u = -5 - s. What is the units digit of u?
1
Suppose 0 = -3*y - 5*v - 9, 3*v + 5 = 2*y - 8. Suppose y*i + 2*z - 64 = 0, 3*i - 3*z - 90 = -4*z. What is the units digit of i?
9
What is the units digit of 3/(-24)*10*-4?
5
Let h(s) = s**2 + s - 1. What is the units digit of h(3)?
1
Let z be ((-1)/3)/(4/24). Let w = 0 + z. What is the units digit of -3 + -15*2/w?
2
Let o = 1 + 6. What is the tens digit of 0 - o*(-4 - -2)?
1
What is the units digit of 115/(-10)*(-2 - 0)?
3
Let p(y) = y**3 - 7*y**2 + 7*y + 8. Let j = 20 - 14. What is the tens digit of p(j)?
1
Let j = 3 - 0. Let h be 16/6*j/2. What is the units digit of (h/3)/(4/18)?
6
Suppose -z = -9 - 182. What is the units digit of z?
1
Let g(f) = 2*f**2 - 16*f + 31. What is the tens digit of g(11)?
9
Let d(n) = 3*n + 26. What is the units digit of d(-8)?
2
Let s = 3 + 0. Suppose 5*z + 0*z - 1 = 4*w, -2*z + 2 = 0. Suppose w = s*b - 8. What is the units digit of b?
3
Let w = 4 + -6. What is the units digit of w - -4 - 3 - -24?
3
Suppose 42 = 2*z - 5*j + 6, 4*z - 96 = 4*j. Let l = z - 17. Let d = l + 2. What is the units digit of d?
3
Let i(p) = -9*p - 18. What is the tens digit of i(-10)?
7
Let x(a) be the third derivative of a**6/120 + a**5/4 + a**4/2 - 5*a**3/6 - 5*a**2. What is the units digit of x(-14)?
3
Suppose 8*m + 5*n + 49 = 4*m, -2*m + 2*n - 2 = 0. Let l(x) be the first derivative of -3*x**2/2 - 6*x + 6. What is the tens digit of l(m)?
1
Suppose f + 1 + 0 = 0. Let q = f - -11. What is the tens digit of q?
1
Let n = -3 - -3. Let s = 2 - -5. Let h = n + s. What is the units digit of h?
7
Let x = 4 + 1. Suppose -x*v + 39 = -2*v. What is the units digit of v?
3
Let v = -303 + 515. What is the hundreds digit of v?
2
Suppose 5*s - 4*o = 31, 2 = -3*o - 10. Suppose 25 = s*k - 2. Let l = k - 5. What is the units digit of 